t of 1800?
1
What is the hundreds digit of 15141?
1
What is the units digit of 1579?
9
What is the thousands digit of 47378?
7
What is the thousands digit of 5360?
5
What is the tens digit of 1977?
7
What is the units digit of 7072?
2
What is the tens digit of 2258?
5
What is the tens digit of 877?
7
What is the units digit of 989?
9
What is the units digit of 6933?
3
What is the units digit of 5?
5
What is the hundreds digit of 5028?
0
What is the thousands digit of 48613?
8
What is the hundreds digit of 586?
5
What is the tens digit of 2519?
1
What is the tens digit of 621?
2
What is the tens digit of 9907?
0
What is the hundreds digit of 13066?
0
What is the tens digit of 575?
7
What is the tens digit of 146636?
3
What is the hundreds digit of 1117?
1
What is the units digit of 19398?
8
What is the units digit of 306?
6
What is the hundreds digit of 2719?
7
What is the tens digit of 170?
7
What is the hundreds digit of 48934?
9
What is the thousands digit of 2320?
2
What is the tens digit of 53708?
0
What is the units digit of 903?
3
What is the units digit of 529?
9
What is the units digit of 14360?
0
What is the hundred thousands digit of 188625?
1
What is the units digit of 35278?
8
What is the hundreds digit of 8362?
3
What is the ten thousands digit of 11997?
1
What is the units digit of 1716?
6
What is the hundreds digit of 6436?
4
What is the hundreds digit of 5249?
2
What is the hundreds digit of 2669?
6
What is the thousands digit of 15733?
5
What is the units digit of 38609?
9
What is the hundreds digit of 32281?
2
What is the units digit of 182?
2
What is the hundreds digit of 59795?
7
What is the units digit of 9890?
0
What is the units digit of 2076?
6
What is the units digit of 1635?
5
What is the hundreds digit of 14130?
1
What is the units digit of 60416?
6
What is the ten thousands digit of 44723?
4
What is the thousands digit of 11921?
1
What is the ten thousands digit of 43946?
4
What is the tens digit of 3924?
2
What is the tens digit of 3810?
1
What is the units digit of 544?
4
What is the thousands digit of 1258?
1
What is the units digit of 37383?
3
What is the ten thousands digit of 30032?
3
What is the hundreds digit of 7632?
6
What is the thousands digit of 11905?
1
What is the units digit of 2227?
7
What is the thousands digit of 3045?
3
What is the hundreds digit of 463?
4
What is the hundreds digit of 493?
4
What is the thousands digit of 12002?
2
What is the hundreds digit of 8704?
7
What is the tens digit of 1730?
3
What is the tens digit of 139793?
9
What is the tens digit of 733?
3
What is the tens digit of 1048?
4
What is the hundreds digit of 3526?
5
What is the hundreds digit of 1504?
5
What is the units digit of 884?
4
What is the hundreds digit of 423?
4
What is the hundreds digit of 2904?
9
What is the ten thousands digit of 68814?
6
What is the units digit of 1570?
0
What is the thousands digit of 37843?
7
What is the tens digit of 1399?
9
What is the thousands digit of 4029?
4
What is the tens digit of 138?
3
What is the hundreds digit of 168283?
2
What is the ten thousands digit of 147172?
4
What is the units digit of 133918?
8
What is the tens digit of 5950?
5
What is the thousands digit of 8620?
8
What is the tens digit of 14908?
0
What is the units digit of 6476?
6
What is the hundreds digit of 1918?
9
What is the hundreds digit of 38619?
6
What is the tens digit of 18850?
5
What is the tens digit of 21323?
2
What is the tens digit of 2312?
1
What is the tens digit of 132914?
1
What is the hundreds digit of 502?
5
What is the hundreds digit of 3674?
6
What is the thousands digit of 2966?
2
What is the thousands digit of 37942?
7
What is the thousands digit of 2601?
2
What is the units digit of 2401?
1
What is the thousands digit of 1992?
1
What is the tens digit of 66331?
3
What is the units digit of 2465?
5
What is the hundreds digit of 4947?
9
What is the tens digit of 1537?
3
What is the tens digit of 3157?
5
What is the tens digit of 4853?
5
What is the hundreds digit of 4505?
5
What is the thousands digit of 119097?
9
What is the hundreds digit of 4685?
6
What is the units digit of 4681?
1
What is the units digit of 231?
1
What is the ten thousands digit of 12442?
1
What is the tens digit of 342?
4
What is the units digit of 53957?
7
What is the units digit of 2351?
1
What is the tens digit of 4927?
2
What is the hundreds digit of 67079?
0
What is the tens digit of 7243?
4
What is the thousands digit of 2746?
2
What is the hundreds digit of 2857?
8
What is the thousands digit of 5741?
5
What is the ten thousands digit of 55476?
5
What is the hundreds digit of 3615?
6
What is the thousands digit of 3365?
3
What is the tens digit of 14532?
3
What is the thousands digit of 12121?
2
What is the tens digit of 772?
7
What is the thousands digit of 25112?
5
What is the ten thousands digit of 15675?
1
What is the thousands digit of 21525?
1
What is the hundreds digit of 4615?
6
What is the units digit of 35392?
2
What is the thousands digit of 20448?
0
What is the units digit of 177?
7
What is the hundreds digit of 83548?
5
What is the units digit of 11087?
7
What is the ten thousands digit of 72025?
7
What is the units digit of 86825?
5
What is the tens digit of 6838?
3
What is the tens digit of 16557?
5
What is the hundreds digit of 1595?
5
What is the units digit of 2470?
0
What is the units digit of 862?
2
What is the hundreds digit of 5536?
5
What is the units digit of 6015?
5
What is the hundreds digit of 7215?
2
What is the thousands digit of 45602?
5
What is the units digit of 22300?
0
What is the units digit of 2000?
0
What is the hundreds digit of 6530?
5
What is the tens digit of 3432?
3
What is the thousands digit of 1202?
1
What is the hundreds digit of 2774?
7
What is the tens digit of 7943?
4
What is the units digit of 932?
2
What is the units digit of 1017?
7
What is the tens digit of 37391?
9
What is the units digit of 5857?
7
What is the hundreds digit of 695?
6
What is the units digit of 8773?
3
What is the units digit of 148?
8
What is the hundreds digit of 8788?
7
What is the hundreds digit of 2403?
4
What is the tens digit of 6443?
4
What is the units digit of 2761?
1
What is the tens digit of 2076?
7
What is the units digit of 5360?
0
What is the ten thousands digit of 21847?
2
What is the thousands digit of 11862?
1
What is the units digit of 6705?
5
What is the hundreds digit of 46520?
5
What is the tens digit of 8097?
9
What is the thousands digit of 30534?
0
What is the thousands digit of 1495?
1
What is the units digit of 8844?
4
What is the units digit of 1898?
8
What is the tens digit of 26500?
0
What is the units digit of 913?
3
What is the units digit of 1640?
0
What is the units digit of 1797?
7
What is the units digit of 490?
0
What is the hundreds digit of 1729?
7
What is the units digit of 391?
1
What is the tens digit of 632?
3
What is the units digit of 42473?
3
What is the units digit of 54324?
4
What is the thousands digit of 21914?
1
What is the thousands digit of 3919?
3
What is the units digit of 64?
4
What is the units digit of 2090?
0
What is the tens digit of 22519?
1
What is the tens digit of 3875?
7
What is the units digit of 10948?
8
What is the thousands digit of 48180?
8
What is the units digit of 66?
6
What is the tens digit of 1287?
8
What is the tens digit of 15173?
7
What is the thousands digit of 10065?
0
What is the hundreds digit of 22910?
9
What is the units digit of 2886?
6
What is the tens digit of 28495?
9
What is the units digit of 46109?
9
What is the tens digit of 504?
0
What is the tens digit of 4629?
2
What is the thousands digit of 1666?
1
What is the hundreds digit of 1104?
1
What is the ten thousands digit of 25509?
2
What is the tens digit of 1007?
0
What is the hundreds digit of 3207?
2
What is the ten thousands digit of 84128?
8
What is the hundreds digit of 3805?
8
What is the tens digit of 5688?
8
What is the units digit of 3244?
4
What is the thousands digit of 3743?
3
What is the tens digit of 25558?
5
What is the tens digit of 629?
2
What is the units digit of 70?
0
What is the units digit of 4489?
9
What is the hundreds digit of 111?
1
What is the hundreds digit of 831?
8
What is the tens digit of 6382?
8
What is the